Let y be m(p). Let u(s) = -10*s**3 + 1. What is u(y)?
-9
Let g(j) = -11*j**2 - 11*j + 13. Let i(a) = -5*a**2 - 5*a + 6. Let t(u) = -4*g(u) + 9*i(u). Determine t(-4).
-10
Let m = -52/3 + 18. Let i(o) be the second derivative of -m*o**3 - 3/2*o**2 + 0 - o. Give i(-3).
9
Let z(h) = -h**2 + 2*h - 4. Suppose 4*s = 4*j, -5*j - 3*s + 30 = 2*s. What is z(j)?
-7
Suppose -2*f + 2*z = -4, 4*z + 1 + 17 = -f. Let l(p) = -2*p**2 + p. Calculate l(f).
-10
Let t = -7 - 10. Let q = t - -13. Let i(u) = -2*u - 4. Calculate i(q).
4
Let a(k) be the first derivative of -k**2 - 2*k + 3. Let o(j) = 2*j + 6. Suppose -9 = 2*w - 1. Let u be o(w). Calculate a(u).
2
Let r(a) = 4*a - a + 0*a. Let g(k) = k**3 - 6*k**2 + 5*k. Let d be g(5). Suppose d = 2*i - 5*t - 0*t + 27, 4*t - 20 = 0. What is r(i)?
-3
Let o be 2/5 + (-18)/(-5). Let b(w) = 2*w - 3*w - o - 3. Let i be 0 + -1 + 1 + 0. Determine b(i).
-7
Let m(o) = o**2 + 5*o - 3. Let b be m(-6). Let k(d) = -6 + 3 - b - 6*d + d**2. Suppose 0 = -39*j + 37*j + 12. Calculate k(j).
-6
Suppose -6 = -a + 3*a. Let p(z) = 6*z**3 + 9*z**2 + 3*z + 3. Let q(w) = 7*w**3 + 10*w**2 + 4*w + 4. Let y(m) = -6*p(m) + 5*q(m). What is y(a)?
-13
Let t(p) = -p**3 + 13*p**2 - 13*p + 7. Let q be t(12). Let d(n) = -n**2 - 7*n - 5. Calculate d(q).
5
Let m(r) be the third derivative of -7*r**5/120 - r**4/24 + r**3/3 + 3*r**2. Let l(f) be the first derivative of m(f). Give l(-1).
6
Let p(i) = i**2 - i + 1. Suppose d - 3*a = 7, d + 4*a + 9 = 3*a. Let y(t) = -t**2 - 6*t - 1. Let q be y(d). Give p(q).
13
Let r(u) be the third derivative of u**7/2520 - u**6/360 + u**5/60 + u**4/8 - 2*u**2. Let b(z) be the second derivative of r(z). Calculate b(3).
5
Let b(q) = -5*q**3 - 3*q**2 - 13*q - 4. Let k(a) = -a**3 - a**2 - 3*a - 1. Let o(t) = 2*b(t) - 9*k(t). Determine o(3).
4
Suppose -4*s + 7*s + 12 = 0. Let p(y) = 4*y + 3. Let o(m) = 3*m + 2. Let t(u) = -3*o(u) + 2*p(u). What is t(s)?
4
Let l(u) = 7*u - 3*u**2 + 0*u**2 - u**3 - 7*u**2 + 6*u**2. What is l(-5)?
-10
Let g(u) be the second derivative of -u**5/4 + u**4/12 - u**2/2 + 5*u. Determine g(-1).
5
Let x(p) = p**3 - p**2 + 2. Let t be (-3)/(-5) + 2/5. Let o(m) = -t + 2*m**2 + 7*m - 5 - 3*m**2. Let i be o(6). What is x(i)?
2
Suppose 0 = 3*v - 39 - 33. Suppose 2*j - v = 5*z + 3*j, 2*z = -j - 12. Let x(h) = h + 5. Calculate x(z).
1
Let f = 75 + -70. Let d(o) = o - 6. Give d(f).
-1
Let x(j) = 4*j - 1. Let d(k) be the second derivative of 5*k**3/6 + 6*k. Let p(f) = -3*d(f) + 4*x(f). What is p(7)?
3
Let n(f) = f - 1. Suppose 0*x - 12 = 4*x. Give n(x).
-4
Let v(q) be the third derivative of -1/24*q**4 + 0 + 0*q**3 + 0*q + 9*q**2. Determine v(1).
-1
Let x(p) = p - 2. Suppose 4*i = -5*y - 0*y - 32, -2*y - 8 = i. Determine x(i).
-10
Let y(j) be the third derivative of 0*j - 1/120*j**6 + 4/3*j**3 + 1/24*j**4 - 1/10*j**5 + 0 - 3*j**2. Give y(-6).
2
Suppose 4*u + 14 = 18*u. Let s(a) = 11*a**2 - a. Give s(u).
10
Let z(f) = f**2 - 5*f. Let x(o) = 2*o**2 - 5*o. Let g(y) = 2*x(y) - 3*z(y). Let a(d) = 2*d + 6. Let n be a(-5). Give g(n).
-4
Let w(v) = -1. Let k = 29 + -35. Let n(q) = -q**2 - 2*q + 7. Let y = -2 - -1. Let d(u) = k*w(u) + y*n(u). Calculate d(-4).
7
Let o(c) be the first derivative of 3*c**2/2 + 6*c + 1. Let j(s) = -2*s - 3. Let t(r) = -5*j(r) - 3*o(r). Let p = 10 + -8. Give t(p).
-1
Let n(d) be the second derivative of -d**5/120 + d**4/6 - d**3/2 - d. Let q(o) be the second derivative of n(o). Determine q(0).
4
Let l(x) = x - 3. Let k be ((-3)/(-2))/((-3)/(-12)). Let m be l(k). Let j(i) = -4*i + 1. Calculate j(m).
-11
Let m(o) = -o**2 + 6*o + 3. Let l be m(6). Let v(k) = -7*k**2 + 9. Let d(h) = -h**2 + 1. Let f(y) = 6*d(y) - v(y). What is f(l)?
6
Let r be 1/(-2)*(0 + 0). Suppose r = -5*f + 4 + 6, 5*f - 34 = -4*d. Let i(k) = -k**3 + 7*k**2 - 5*k - 5. Calculate i(d).
1
Let a(w) be the first derivative of -5*w**2 + 3*w + 6. What is a(2)?
-17
Suppose -2*o + 2 = -0, -3*m + 19 = o. Let v(f) = 5*f + 5 + m*f**2 + 0*f**3 + 3*f - 1 + f**3. Calculate v(-5).
-11
Suppose 0*n + 2*n = 0. Let r be 0 + n + 1 + -1. Let d(j) = 10 + 2*j - j + 0*j. What is d(r)?
10
Let s = -14 + 16. Suppose s*k - 4*k = -8. Let x(g) be the second derivative of g**3/2 - g**2 - g. Determine x(k).
10
Suppose -2*c + 13 = 5*w, -2*c + 3 = 3*w - 8. Let g(o) = -o - 5*o**2 + 2*o**2 + 4*o**2 - w. Determine g(3).
5
Let z(t) be the first derivative of t**4/4 - 4*t**3/3 - t**2 + 5*t - 2. Suppose 4*s + 21 = p, -5*s + 4 = -p - 6*s. Let d = 3 + p. What is z(d)?
-3
Let s be 0/(-2 - 0 - -1). Suppose -l = 5 - s. Let i(p) be the second derivative of -p**3/6 - 3*p**2 - 3*p. Determine i(l).
-1
Let x(k) = -2 + 6 + k**3 - 1 - 6*k + 1 - 3*k**2. Determine x(4).
-4
Suppose 7*b - 4*b - 6 = 0. Let x(l) = 2*l + b*l - 3*l - 1 - l**2 + 0. Determine x(2).
-3
Suppose 2*k = 8 + 4. Let b(v) = -8 + 5 + 5 + 4 + v**2 - k*v. Give b(6).
6
Let g(o) = -2*o + 13. Let j(v) = 13*v - 3. Let l be j(1). Calculate g(l).
-7
Let x(j) = -j**2 + 4. Let u(a) = a + 6. Let v be u(-6). Suppose r + 0 + 3 = v. Calculate x(r).
-5
Let p(k) = -8*k + 8. Let t(w) = w - 1. Let v(o) = 6*p(o) + 51*t(o). Determine v(-4).
-15
Let i(z) = 2*z**2 + 2*z - 2. Let r(n) = n + 13. Let x be r(-5). Suppose -3*t + 2 = x. Give i(t).
2
Suppose 2 = -3*c + 2*c. Let o(w) = -w**3 - w - 1. Let m(b) = -4*b**3 - 2*b**2 - 3*b - 2. Let q(h) = -m(h) + 3*o(h). What is q(c)?
-1
Suppose 5*z + 4*r = -17, -5*r = -0*r + 15. Let f(t) = 7*t**2 - t - 1. What is f(z)?
7
Suppose -3 = 3*z - 3*l, z = l - 5*l + 19. Suppose -5*i = z*c - 8, 0*i = 3*i - c - 2. Let f(w) = w**2 + 3 + 4*w + i + 0*w. Calculate f(-4).
4
Suppose -7*c = -12*c + 20. Let u be (c - (2 + 1))*1. Let j(f) = 7*f**2 + 2*f - 13. Let g(m) = 4*m**2 + m - 6. Let a(i) = -13*g(i) + 6*j(i). Give a(u).
-11
Let p be 4*(-1)/5*-5. Let d be 0/(16/p) + -1. Let r(f) = -5*f**2 + 1. Determine r(d).
-4
Let p(u) be the first derivative of -u**4/4 + 4*u**3/3 + 3*u**2/2 + 4*u - 2. Determine p(5).
-6
Let l(g) = -g**2 + 5*g - 2. Let r(w) = -w - 7. Let x be r(-10). Calculate l(x).
4
Let v be -1 + 3/1*-1. Let l = v + 5. Let g(c) = 2 + 4*c + 0 + c**2 + l. Give g(-4).
3
Let k(u) = -u**2 - 2*u + 4. Let j(w) = -w**3 - 4*w**2 + 3*w - 9. Let b be j(-5). Suppose 2*v = -7 - b. What is k(v)?
-4
Let z(j) = 3*j**3 + 5*j**2 + 11*j - 3. Let f(m) = 5*m**3 + 8*m**2 + 17*m - 5. Let i(x) = 5*f(x) - 8*z(x). What is i(-2)?
-3
Suppose -4*r + 40 = 16. Suppose -2*c - 14 = 4*n, -r*n + n = -c + 7. Let m(d) = 2*d**2 + d + 1. Give m(n).
7
Let r(y) be the first derivative of -y**2/2 - 7*y - 10. Give r(7).
-14
Let o(t) = -2*t - 3. Let a be (-6 - 3)*2/6. What is o(a)?
3
Let g = 131 + -140. Let i(y) = y**2 + 11*y + 5. Determine i(g).
-13
Let u(w) = -w**2 - 6*w - 4. Let y(p) = -p**3 - 2*p**2 + 2*p + 2. Let d be y(-2). Let a be ((-8)/10)/(d/(-15)). Calculate u(a).
-4
Let j(l) = -2*l + 4*l + 0 + 3*l**2 + l**3 - 1. Suppose -4*k + 5*o - 3*o = 0, -o + 4 = 2*k. Suppose -2*t - k - 5 = 0. Give j(t).
-7
Let g(h) = 2*h**2 + 8*h - 6. Let b(n) = -2*n**2 - 9*n + 7. Let v(j) = -3*b(j) - 4*g(j). Determine v(-4).
-9
Let a(y) = -9*y + y**3 + 5*y**2 - 2 - 4*y + 15*y. Give a(-5).
-12
Let i(z) = 2*z**3 - z**2 - 21*z + 15. Let d(o) = o**3 - o**2 - 11*o + 8. Let w(k) = -11*d(k) + 6*i(k). Let h be ((12/(-15))/1)/((-6)/(-45)). Calculate w(h).
-4
Let f(c) = 11*c**3 - c**2 + c. Let v = 51 - 30. Let z = v + -14. Let u(x) = -x**2 + 8*x - 6. Let i be u(z). Determine f(i).
11
Let f(g) be the third derivative of -g**5/60 + g**4/12 - g**3/2 - 13*g**2. Determine f(4).
-11
Let t = -2 + 2. Let l be -2 + t + 0 - -4. Let m(h) = 0*h**2 - 3*h**2 + 1 - 4*h**2 + 4*h**l + 2*h. What is m(-1)?
-4
Let q(n) = 2*n - 3. Let c = 12 + -10. What is q(c)?
1
Let i be 16/6 + (-4)/6. Suppose -r = -3*r + i. Let n(m) = -m**2 + m - 1. Calculate n(r).
-1
Let h(t) be the third derivative of -t**6/120 - t**5/15 - t**4/8 - t**3 - 25*t**2. Give h(-4).
6
Let p(v) = v**2 + 3*v + 2. Let j(i) = -i**2 - 2*i - 2. Let x(w) = 3*j(w) + 4*p(w). Calculate x(-7).
9
Let p(b) = -b**3 - 2*b**2 + b + 4. Suppose a = 3*i - 0*a + 14, 0 = -3*i - 5*a + 16. What is p(i)?
10
Let w(h) be the first derivative of -h**4/4 + 5*h**3/3 + 2. Let r be (-10 + 0)/(2/(-1)). Let a be w(r). Let m(k) = -k**2 - k - 5. Determine m(a).
-5
Let a = -23 + 24. Let j(g) = -11*g**2 - 2*g + 1. Give j(a).
-12
Let c(m) be the second derivative of m**5/2